0*l + 5. Give y(-20).
-7
Let a(h) = h**2 - 5*h - 1. Let r be a(5). Let s(u) = 159*u + 1 - 158*u + 2226*u**2 - 2230*u**2. Calculate s(r).
-4
Let x be 4/(-6)*(-9)/6. Let u(y) = 29*y. Let g be u(x). Let c = -27 + g. Let a(f) = -11*f + 3. Calculate a(c).
-19
Let l(r) = 6*r**2 - 20*r - 3*r**2 - 10 - 23*r + 65*r - 13*r. What is l(-5)?
20
Let l(m) be the third derivative of m**4/6 - 37*m**3/6 - 842*m**2. Give l(10).
3
Let t(b) = -b**2 - 7*b - 7. Suppose -4*m - 3 = -4*l + 33, -15 = 3*m + l. Calculate t(m).
-1
Let p(c) = -c**2 - 17*c + 18. Let s(f) = -f - 25. Let w be s(-7). Let q be p(w). Suppose 2 = 3*x + 2*n - 0, 2*n + 4 = q. Let b(z) = -z**2 + z - 2. What is b(x)?
-4
Let n(h) = 4 - h**3 - 2*h + 7*h - 5*h**2 + h. Let b = -62 - -65. Suppose 0 = -b*c - 22 + 4. Determine n(c).
4
Let c(z) = 148*z + 3548. Let p be c(-24). Let t(f) = -f**2 - 7*f - 9. Determine t(p).
3
Suppose 0 = -5*o + 2*c + 106, -4*o + 4*c + 38 + 42 = 0. Let s be o/(-55) - (-3)/(-5) - -2. Let u(z) = -7*z**2 - z + 1. What is u(s)?
-7
Let v(r) = -5*r + 5. Let c(s) = 4*s - 5. Let y(g) = 4*c(g) + 3*v(g). Let h be (4 - 3 - 4/12*3) + 5. Give y(h).
0
Suppose 0 = 4*u + 2*h - 87925 - 171137, -64753 = -u - 3*h. Let c(n) = u - 64768 + 12*n. Determine c(1).
12
Suppose 91 = 3*i - 2*o, 2*i - 86 = o - 6*o. Suppose i*d = 30*d - 24. Let p(m) = -7*m. Let j(u) = u - 1. Let t(f) = 6*j(f) + p(f). Determine t(d).
2
Suppose 3*q = 2 + 1. Let j be 3 + -2 + q + 2. Let l(d) be the third derivative of -d**4/6 + d**3 + d**2 - 1292*d. Calculate l(j).
-10
Suppose -28*u - 2*p = -30*u + 24, 6 = 3*u + 3*p. Let j(x) = x**2 - 8*x + 10. Calculate j(u).
3
Suppose -6*p - 71 + 89 = 0. Let c(f) = -f**3 + f**2 - f + 2. Let d be c(0). Let s(g) = 13 - 9 - 3*g**d + 2*g**3 - 7*g + 2*g - g**3. Give s(p).
-11
Let g = -91 - -93. Let j(r) = -134*r**g - 1 + r - 2 + 132*r**2 - r**3. Suppose 0 = 5*z + w - 6*w + 5, 0 = -4*z + 5*w - 2. Calculate j(z).
3
Suppose 4*k - 4 = -3*m, -2*k + 82 = -11*m + 30. Let a(f) = -6*f + 31. Give a(k).
7
Let w(u) = u**2 + 6*u - 10. Let g be (33 - 31)*(-1)/(4/18). What is w(g)?
17
Let y(h) = 318*h**2 - 33 + 13 - 155*h**2 - 164*h**2 + 8*h. Determine y(9).
-29
Let g(z) = z**3 - 26429 + 52858 + z**2 - 26430 - 5*z. What is g(3)?
20
Let j(x) be the first derivative of -x**3/3 - 23*x**2/2 - 2*x - 1058. Give j(-23).
-2
Let m(z) = 3*z - 13. Let k(b) be the second derivative of -2*b**3/3 + 27*b**2/2 - 67*b - 2. Let y(d) = -3*k(d) - 5*m(d). Calculate y(-7).
5
Suppose -29*j = -7*j - 176. Suppose -13*u + j = 47. Let s(n) be the second derivative of -n**4/6 - 2*n**3/3 + n. What is s(u)?
-6
Suppose 4*x + 14 = -d, 0 = 2*d + 3*x + 3 + 5. Let o(h) = 3 + 3*h - 3 - h**d - 6 + 3. Suppose 0 = 4*y - 3*z - 21, -47*y + 44*y + 3*z = -15. Determine o(y).
-21
Let v(d) = d**2 + 14*d + 11. Let p(r) = 2*r + 3. Let i(o) = 5*p(o) - v(o). Suppose -3*t = -t + 12. Let b(a) = -a - 11. Let w be b(t). What is i(w)?
-1
Let u be (4/3)/((-6)/(-9)). Let w(p) = -p**3 - 11*p**2 - 13*p - 23. Let x be w(-10). Let y(m) = -5*m - u*m**3 + m**3 - x + 343*m**2 - 349*m**2. Determine y(-5).
-7
Let f(d) = -17*d - 164. Suppose -23*k + 40*k - 90 = 27*k. Determine f(k).
-11
Let k(i) = i**3 - 5*i**2 + 5*i - 6. Suppose 14*u = -1146 + 6466. Let g = u - 376. Determine k(g).
-2
Let p(u) = -u - 5. Let w = 5564 - 5544. What is p(w)?
-25
Let v(u) = 7*u - 10. Let x(w) = w + 9. Let k(s) = -v(s) - x(s). Let n(b) = -b**2 - 7*b - 2. Let l be n(-7). Calculate k(l).
17
Let p be (-2 - -2)/(-1 + 0). Let c(i) = -i + 2. Let f(d) = -d**2 - 2*d + 8. Let t = 184 + -185. Let k(j) = t*c(j) + f(j). Determine k(p).
6
Let t(x) be the second derivative of 1/6*x**4 + 1/20*x**5 + 0 - 1/2*x**3 - 2*x - 3/2*x**2. Let q = -8338 - -8336. Calculate t(q).
3
Let f(b) be the second derivative of 2/3*b**3 - 24*b + b**2 + 0 + 1/12*b**4. Let m be f(-4). Let j(l) = -l**2. What is j(m)?
-4
Let l(c) be the second derivative of c**4/12 + 7*c**3/6 + 17*c**2/2 + 3231*c. Give l(-7).
17
Let o(g) = -10*g + 3. Let a(k) = -5*k**2 + 749*k + 749. Let x be a(-1). Calculate o(x).
53
Let g(r) = r - 5. Let p be -169*1/2*2*1. Let q = p - -163. Calculate g(q).
-11
Let u(a) = -35*a - 1. Let o(m) = -18*m - 1. Let q(i) = 2*o(i) - u(i). Calculate q(-5).
4
Let j(u) be the first derivative of 0*u + 5*u**2 + 172 - 13 - 10*u**2 + u. Let k = 2 - 3. Calculate j(k).
11
Let p be 4/(-6) - (-6 + (-392)/84). Let y(v) = -v**3 + 11*v**2 - 10*v - 1. Calculate y(p).
-1
Let t = -1101 + 1102. Let k(q) = 23*q**2 - 3*q**2 + 2 - 2*q - 1. Give k(t).
19
Let q(g) = -g**3 + g**2 + 1. Suppose 7*i - 154 = -105. Let f be -3*i/(-35) + (-14)/(-10). Give q(f).
-3
Let v(h) = -55*h**2 + 8*h + 7. Let u(s) = -9*s**2 + 1. Let o(n) = 6*u(n) - v(n). Determine o(12).
47
Suppose 0 = 4*a + b + 17, -3*b - b = 2*a - 2. Let r(w) be the third derivative of w**6/120 + w**5/10 + 5*w**4/24 + w**3 - 1618*w**2. Give r(a).
6
Suppose 41*y + 120 = 38*y. Let b be (0 - 4/(-1))*(-60)/y. Let m(l) = 2*l**2 - 13*l + 5. What is m(b)?
-1
Let r(w) = -w**2 - 7*w + 28. Let m(t) = -4*t**2 + 27*t + 162. Let f be m(-4). Calculate r(f).
-2
Suppose -45 = -3*m + m - 5*c, -2*c = 2. Suppose 0 = -3*w + 4*w - 24. Let n = w - m. Let z(k) = k. What is z(n)?
-1
Let d(v) = -2*v**2 + 68*v + 68. Let h(u) = -u**2 + 110*u + 731. Let c be h(-6). What is d(c)?
-2
Suppose b + 3*b = 4*y - 124, 0 = 3*y - 5*b - 87. Suppose 5*t + y = 64. Suppose x + 2*w + 13 = 0, 0 = -x - t*w + w - 22. Let a(v) = -v + 6. Calculate a(x).
13
Let l(z) = 3 + 7*z - 4*z - 1 - 4*z**2. Suppose -2*m + 44 = -24*m. What is l(m)?
-20
Let m be 2 + 3 - (-5 - (-4)/2). Suppose -4*g = -m*g + 12. Let r(w) be the second derivative of -2*w**3/3 + 2*w**2 - 7*w. Calculate r(g).
-8
Let j(o) = -o**3 - 5*o**2 - 5. Let x(q) = -2*q**3 + 25*q**2 + 11*q + 21. Let d be x(13). Let w be 12/18 + (-3 - d/(-3)). Determine j(w).
-21
Let t(d) = d**2 + 15. Suppose 19 = 2*l + 13. Let g be 1 - 2/l*(-36)/(-24). Give t(g).
15
Let x(z) = z**3 - z**2 - 4*z + 3. Suppose 0 = 100*f - 90*f - 60. Let j be -4 - (f + (-72)/6). Give x(j).
-1
Let g(a) = -3*a**2 - 45*a + 5. Let o be g(-15). Let x(i) = -40 + 32 + 3*i - 2*i. Calculate x(o).
-3
Let i(z) = 7*z**3 - 7*z**2 + 11*z. Let a(o) = 12*o**2 + 1 + 8*o - 31*o + 2*o**2 - 15*o**3. Let g(y) = -6*a(y) - 13*i(y). Let w = 3206 - 3200. Give g(w).
0
Suppose 50 = -5*u + 20. Let l(o) = o - 2. Let i be l(u). Let p(k) = k**2 + 10*k + 4. Give p(i).
-12
Suppose 2*y + 3*f - 11 = 0, -2*f - 3*f + 12 = -3*y. Let u(d) be the first derivative of d**2/2 - 2553. Determine u(y).
1
Let u be (271 - 271)*2/4*-2. Let j(b) = -b**3 - 2*b**2 + 4*b + 8. Give j(u).
8
Let k(t) = -t**3 - 12*t**2 + 6*t + 191. Let a be k(-10). Let v be (a + 65)*1*2. Let m(c) = 3*c + 17. Give m(v).
-7
Let s(h) = -h**2 - 28*h + 53. Let r(j) = 15*j - 27. Let x(f) = 11*r(f) + 6*s(f). Let m(p) be the first derivative of x(p). Calculate m(-2).
21
Let k(u) = u + 14. Let t be k(5). Suppose g + 4*g = -3*x + t, 0 = -3*g + 6. Let w be (-24)/7 + x/7. Let b(c) = c**3 + 3*c**2 - c - 3. Calculate b(w).
0
Let x = 3143 + -3139. Let v(n) = -5*n - 6. Let d(a) = -2*a - 2. Let k(m) = -8*d(m) + 3*v(m). Determine k(x).
2
Let h(s) = s**2 + 2*s - 1. Let a(x) = 16 - 32 + 3*x**2 + 13. Let n(c) = a(c) - 2*h(c). Calculate n(3).
-4
Let f(l) = 3*l**2 + 5*l + 66. Let a(i) = 7*i**2 + 11*i + 138. Let t(w) = -4*a(w) + 9*f(w). Give t(-6).
0
Suppose -34*b + 28*b = -96. Suppose 2*q - 2*x - 6 = 0, -5*q + 0*x + 4*x + 19 = 0. Let r(p) = -8*p + 7*p**2 - q*p + b*p. Determine r(-1).
6
Let f(x) = -22*x**2 + 6*x**2 - x + 1 - 3 - 3 + 6 + 17*x**2. Let o(y) = -y - 2. Let v be o(-3). Determine f(v).
1
Suppose 0 = 5*d + h + 114, 4*d + h + 90 = -h. Let r(o) = -o**3 - 22*o**2 + 22*o - 20. Determine r(d).
3
Let i(k) be the third derivative of -k**5/60 + 43*k**4/24 + 23*k**3 + 8366*k**2. Determine i(-3).
0
Let z(u) = -4*u + 6. Let c = 264 - 268. Let b be c*1/(-6)*15/2. What is z(b)?
-14
Let b(w) = -2*w**3 + 29*w**2 - 4*w - 4. Let q be b(14). Let l = -130 + q. Let n(u) = l*u**2 - 3*u**2 - 6*u**2 + 0*u + u. Give n(2).
-10
Let i(b) = -204 - 144 + 10*b + 2*b**2 - 206 + 565. Calculate i(-10).
111
Let u(r) be the first derivative of -r**2 + 0*r - 2*r - r**2 - 2 - r**2. Let g(p) = 21*p**3 - 168*p**2 - 2*p + 20. Let o be g(8). Determine u(o).
-26
Let w(a) be the second derivative of a**6/120 - a**5/10 - a**4/12 - a**3 - 54*a**2 - 92*a. Let f(q